19 = 3*i, -p*m + 2*i = 562. Let r = 209 + m. Is r a composite number?
False
Let v be 255/(-20) + 1/(-4). Is (-2151)/(-39) - (-2)/v composite?
True
Suppose -35 = -2*a + b, -a - a + 10 = 4*b. Is a prime?
False
Suppose 6*q - 8 = 2*q. Suppose 106 = q*m - t, m + 0*m + 2*t - 53 = 0. Is m composite?
False
Suppose 2 = -4*j + 6*j. Suppose 2*f - 11 = -j. Suppose f*c = b - 23 + 303, 4*c = 2*b + 230. Is c a prime number?
False
Let b be ((-9)/6)/(6/(-16)). Let z be (-2)/(-4)*16/b. Suppose -3*g - 10 = -y, 19 = 2*y + y + z*g. Is y prime?
True
Let y(v) = 83*v**2 + 23*v - 3. Let b(q) = 28*q**2 + 8*q - 1. Let u(j) = -17*b(j) + 6*y(j). Is u(1) a prime number?
True
Suppose 0 = 4*r - 2247 - 1349. Is r a composite number?
True
Is (-1)/(-2) + 5271/14 a prime number?
False
Suppose -82 = x - 389. Is x prime?
True
Suppose -5*u = -3*p + 23, -2 = -2*p - 2*u + 8. Is -174*((-9)/p)/3 composite?
True
Let g(d) = 19*d**3 + d**2 - 5*d + 4. Let x(l) = -l**2 - 7*l + 11. Let q be x(-8). Is g(q) a composite number?
True
Is 719 - ((-2)/(-9) - 22/99) composite?
False
Suppose u = -0*u + 3. Suppose 3*t = -u*l + 2*t + 154, 3*t = -2*l + 91. Is l a composite number?
False
Suppose -6*q = -2*q + 188. Let x = 39 + 61. Let r = x + q. Is r a prime number?
True
Let t = 4800 + -2483. Is t a prime number?
False
Let t be (1/2)/((-3)/(-90)). Suppose 0 = -2*j - d + 241, 2*d + 3*d = t. Is j prime?
False
Let f = -598 - -208. Suppose 3*a = 2*q - 9, 3*q + 2*q + 3*a - 12 = 0. Is (1/(-2))/(q/f) a composite number?
True
Let f(v) = 5*v**3 - 10*v**2 + 16*v + 9. Is f(7) a prime number?
False
Suppose 3*w = 3*z + w + 49, 0 = 2*z + 2*w + 46. Is (z/(-4))/(4/112) a prime number?
False
Let v(m) = 1 - 2 - 1 + 27*m. Let l be 58/18 + (-2)/9. Is v(l) prime?
True
Let b be (-12)/6 + (0 - -5). Let o = 34 + b. Is o composite?
False
Let g(z) = 3*z**2 - 15*z - 29. Is g(17) a composite number?
True
Suppose -4*g = -g + 6. Let u be g/(-4)*(4 - 0). Suppose 0 = -4*w + u*w + 42. Is w prime?
False
Suppose 40 = -2*x + 7*x. Suppose -98 = -3*r - x. Suppose -4*z + 0*z = -20, -y - 3*z = -r. Is y a prime number?
False
Let u be 3 - 1 - (-3)/1. Suppose 155 = -0*d + u*d. Is d a prime number?
True
Let g(t) be the second derivative of -t**5/20 + t**4/12 + t**3/3 + 3*t**2/2 + t. Let z(b) = -b**2 + 7*b - 3. Let y be z(7). Is g(y) composite?
True
Let l be 40/(-3) + (-2)/3. Let q be 1/2*l/1. Is 7/(q/(-60)) - 2 composite?
True
Suppose 0 = -3*u + 9*u + 78. Let b(a) = a**2 + 4*a - 6. Is b(u) a prime number?
False
Let z(a) = 21*a**2 + 2*a - 1. Let h(r) = -r + 0 - r**2 - r**2 - 1 + 2. Let s be h(1). Is z(s) composite?
False
Let w(k) = 113*k**2 + k - 13. Is w(-6) a composite number?
False
Let r be ((-3)/(-2))/(6/12). Let h(b) = 4*b**2 - 2*b + 4. Is h(r) a composite number?
True
Let o(t) = -18*t + 11. Let f(y) = -y. Let p(i) = 3*f(i) - o(i). Is p(10) composite?
False
Let v = 374 - 51. Is v a composite number?
True
Suppose -4*h - 82 = 2*l - 5*l, 107 = 4*l - 3*h. Let t(b) = -26*b + 1. Let k be t(-6). Let m = k - l. Is m composite?
False
Let l = 8 + -4. Suppose -26 = -3*m - q - l*q, 20 = 5*q. Is 668/20 - m/5 a prime number?
False
Suppose 7*w - 1988 - 1113 = 0. Is w a prime number?
True
Suppose 0 = 4*g - 8566 + 2018. Is g composite?
False
Let u be 6/(-4)*4/(-3). Suppose -2*y + j = 8 + 1, 6 = 2*y + u*j. Is -2*10/4*y a composite number?
True
Suppose 2*u - 3*u + 2*a = -10, -u - a - 2 = 0. Suppose -4*t = -4*j + 760, -704 + 139 = -3*j + u*t. Is j composite?
True
Let p be (0/(0 - 3))/(-2). Let h be 52 + p + 0/(-2). Is -1 + (1 - h/(-2)) a composite number?
True
Let z(c) = -8*c - 2 + 0 + 1 - 11*c. Is z(-2) composite?
False
Let u(j) = -j**2 - 6*j + 5 - 3 - 4 + 5 + 2*j**3. Is u(4) a prime number?
False
Suppose 6*d - 9*d = -3759. Is d prime?
False
Suppose 0 = -o - 0*o + 3. Suppose 0 = o*z - 183 - 219. Is z a composite number?
True
Let r be ((-1)/(-2))/((-5)/(-10)). Suppose -2*f - 3*f - 10 = 0. Is (r/(-2))/(f/148) a composite number?
False
Suppose 3*f = -2*k + 40, 0*k - 4*f + 36 = 2*k. Let h = 120 - k. Is h a composite number?
True
Suppose 5*h - 194 = 2401. Is h prime?
False
Suppose q - 937 = -3*z, -4*q - 4*z - z + 3762 = 0. Is q composite?
True
Suppose -32 = -4*h + 4*g, -2*g - 24 + 64 = 5*h. Suppose 7*b - h*b = -19. Is b a composite number?
False
Suppose 48 = 2*q - 16. Suppose -107 = -2*i - 3*n, 0 = 4*i - 5*n - 256 + 31. Let z = i - q. Is z prime?
True
Let b(x) be the second derivative of 127*x**4/12 - x**3/6 + x**2/2 + 2*x. Suppose 8*l - 5*l - 3 = 0. Is b(l) a prime number?
True
Suppose -7 = u + 5*v - 109, 3*u + v = 376. Is u a composite number?
False
Let x = -2 - -5. Suppose -x*l + 1876 = l. Is l a prime number?
False
Let l(a) = 21*a**2 + a + 1. Let h be 2/6*(-9 - -6). Is l(h) prime?
False
Let y be 0 - (-2 - -3) - -97. Let i = y + -37. Is i composite?
False
Suppose r = -2*r. Suppose a = r, 4*a = 2*u - 6*u. Suppose u = -3*c - 2*c + 95. Is c a prime number?
True
Let i be (-99)/2*(-8)/(-4). Let c = -1 - i. Let t = -45 + c. Is t a prime number?
True
Let j(k) = 14*k**2 - 27*k + 6. Is j(7) a composite number?
False
Let u(p) = p + 21. Let a be -4*(2 + (-15)/6). Suppose -a*w = 2*w. Is u(w) prime?
False
Let y be ((-22)/(-55))/((-2)/(-20)). Suppose 0 = -2*s - 3*f + 104 + 75, 458 = 5*s + y*f. Is s composite?
True
Let l be (-2 + 2)*(-1)/2. Let h(p) = 157 + 22 + p + 0*p. Is h(l) composite?
False
Let k(b) = -44*b - 11. Let n be k(-8). Let a = -150 + n. Is a a prime number?
True
Suppose -10*h - 575 = -4765. Is h prime?
True
Suppose 8*c - 15416 + 3360 = 0. Is c a composite number?
True
Let o(t) = -15*t - 8. Is o(-9) composite?
False
Is 1/3*2 - 4214/(-6) composite?
True
Let r(z) = -z + 233. Let n be (3 + (2 - 5))/1. Is r(n) a composite number?
False
Let f(b) = -3*b**3 + 3*b**2 + 3*b - 14. Let z(g) = 2*g**3 - 3*g**2 - 2*g + 13. Let o(k) = -3*f(k) - 4*z(k). Is o(5) prime?
False
Let r = 567 + -248. Is r a prime number?
False
Is 1257 + 1 + (6 - 5) composite?
False
Suppose 5*a - 25 = -5*h, -3*a + 4*h + 16 = -6. Is a a prime number?
False
Suppose 0*g + g - 136 = 0. Suppose -3*q - q = -g. Is q composite?
True
Suppose -322 + 57 = -z. Suppose 3*j - 2*h = z, h - 426 = -5*j + 7. Is j composite?
True
Is 402*(12/(-8))/(-3) composite?
True
Let v(y) = 1 + 3*y - 3 - 2*y + 0*y**2 + y**2. Let h be v(-3). Suppose -h*r + 223 = -237. Is r composite?
True
Suppose 7*j - 5*j = 3166. Is j a composite number?
False
Let w = -9 + -1. Let l = w + 15. Suppose -l*t - q - 3*q + 85 = 0, -2*t + 6 = -4*q. Is t composite?
False
Let l be (-2 + 6)/((-4)/(-4)). Is 117 - ((l - 1) + -5) a prime number?
False
Let f = 10 - 7. Let o be 1 - 0/(-1*f). Is -34*(o/(-2) + -1) prime?
False
Suppose -4*t = -7*t - 3*d - 78, -2*d - 73 = 3*t. Let z = 1 - t. Is z composite?
True
Let d(t) = 9*t**2 + 2*t - 4. Let x(f) = 2*f - 3. Let u be x(3). Is d(u) prime?
True
Let f(i) = -i**3 - 2*i**2 + i + 2. Let r be f(-2). Suppose 3*d - d - 74 = r. Is d composite?
False
Suppose 5*h - h = 4*k + 8, 2*h = 4*k + 4. Let n = 47 + k. Is n composite?
False
Let u = -18 - -25. Let i = u + -11. Let g(n) = -n**3 + n**2 - 1. Is g(i) prime?
True
Let z(r) = 109*r**3 - r**2. Let w(t) = t**2. Let k be w(1). Let s be z(k). Let n = s - 25. Is n composite?
False
Let o(f) = f**2 - 10*f - 2. Let z be o(10). Let s(k) = -15*k + 1. Is s(z) a prime number?
True
Suppose 5*i = -3*u + 6832, 5*i - 6828 = -3*u + u. Let c = i - 494. Is 1/(c/(-291) + 3) a prime number?
True
Let r = -16641 - -26026. Is r a prime number?
False
Let l(x) = -x**3 + 2*x + 2. Let q be l(-2). Let n = 16 - q. Is n a composite number?
True
Suppose -5*o + 4*u = 9, 2 - 7 = o - 4*u. Let j be -1*o/1*0. Suppose j = 3*a + 6, 2*x - 60 = -x - 3*a. Is x prime?
False
Suppose 227 = 6*l - l - 4*o, -2*o = -2*l + 90. Let r = -5 + l. Suppose -4*d + 10 + r = 0. Is d a composite number?
False
Let v(z) = -958*z. Is v(-1) composite?
True
Is 0*(-4)/8 - (-1 + -4090) prime?
True
Is (5/(50/(-2965)))/((-2)/4) composite?
False
Let s(t) be the third derivative of 2*t**5/15 - t**4/8 - 4*t**2. Let f be s(-3). Let c = -47 + f. Is c a prime number?
False
Let k = 6 + -320. Let g be (-4)/(-14) - 108/(-14). Is k/(-4) - g/(-16) composite?
False
Let a be (-2)/(-8) - 8/32. Suppose -3*y = -5*g + 2 + 162, a = -4*g + y + 127. Is g a composite number?
False
Let z(b) = 2*b**2 + 1. Let d be z(1). Suppose -d = 4*g - g. Is (-1)/(g*(-1)/(-65)) prim